 1706 = 0, 9*o - 13*o + 5*h + 3414 = 0. What is the greatest common factor of o and 8?
8
Suppose -140*q + 4865 - 665 = 0. What is the greatest common divisor of q and 582?
6
Let p be (-1 - (-11 - -5))*(-249)/(-3). Suppose -9*v + 664 = -5*v. Calculate the greatest common factor of v and p.
83
Suppose -48*s + 1964 + 19183 = 5*s. Calculate the highest common divisor of s and 42.
21
Let h(z) = 11*z**2 + 3*z - 64. Let x be h(-3). What is the greatest common divisor of x and 3562?
26
Let c(d) = 2*d - 45. Let v be c(22). Let b be 8*-1*v/2. Suppose 3*y - 30 = -3*p + 45, 0 = -2*p + 2*y + 30. What is the greatest common factor of p and b?
4
Suppose 2*m + 3*g + 2*g = 70, 2*m + 3*g = 62. Calculate the greatest common divisor of m and 2135.
5
Suppose b + 798 = 20*b. Suppose 39*l = b*l - 975. Calculate the greatest common factor of 39 and l.
13
Let m be -1 + (-662)/8 - 51/204. Let s(p) = -2*p + 48. Let b be s(-21). Let j = m + b. Calculate the greatest common factor of j and 2.
2
Suppose 483 + 717 + 1462 = 20*o - 378. Let v(i) = 95*i**3 + i**2 - i. Let g be v(1). Calculate the greatest common divisor of o and g.
19
Suppose 8*g = 4*g + 44. Suppose -52 = g*a - 184. Calculate the greatest common factor of a and 96.
12
Suppose -137*k - 2193 = -180*k. Calculate the greatest common factor of k and 3825.
51
Let s be -9 - ((-1)/2 + (-175421)/58). What is the greatest common divisor of 26 and s?
26
Suppose -53*z + 36*z + 8415 = 0. What is the greatest common factor of z and 319?
11
Let d(w) = 3*w + 32. Let t be d(-11). Let h be (t + 0 + 17)*(-91)/(-26). Calculate the greatest common factor of 56 and h.
56
Suppose -193 = 3*y + 2*g - 1154, y - 2*g = 315. Let l = 98 - 69. Calculate the greatest common divisor of l and y.
29
Suppose 0 = 36*t - 2876 - 3280. What is the highest common divisor of 1197 and t?
171
Let k be (63/6)/((3/5)/((-12)/(-10))). What is the highest common factor of 5817 and k?
21
Suppose 0 = 27*n - 675 - 859 - 302. What is the greatest common factor of n and 4454?
34
Let h be ((-1995)/60)/(1 + (-3)/4). Let n = h - -198. Suppose -5*b + 0*r - 3*r + n = 0, 0 = -5*b + 4*r + 65. What is the greatest common factor of 13 and b?
13
Suppose i - 5*y = 193, -y = -3*i - 0*y + 621. Let z be 570138/3674 + (-18)/(-22). Calculate the greatest common factor of i and z.
52
Suppose 2*w = 2*q + 744, -q + 3 = -0*q. Suppose 2*z + z = -w. Let f be 148/5 - (-75)/z. Calculate the highest common factor of 319 and f.
29
Let x(n) = -n**2 + 10*n - 6. Let z(j) = 2*j. Let c(k) = -x(k) + 3*z(k). Let y be c(6). Calculate the highest common factor of 198 and y.
18
Let t = -15624 - -15741. Calculate the highest common factor of 897 and t.
39
Suppose 5*c - 4 = -4*g + 41, 0 = -4*c + 2*g + 36. Suppose 48*w - 47*w = c. What is the highest common divisor of 24 and w?
3
Let n(r) = 81*r + 57. Let f be n(-8). Let o = f - -624. Calculate the greatest common divisor of o and 6.
3
Suppose -7*w - 4*k = -10*w + 1103, -5*w + 5*k + 1830 = 0. Suppose -38*m + 323 = -w. What is the highest common factor of 4 and m?
2
Let z be (-8)/(-1 - 7)*0. Suppose 4*s = 5*w - 78, -5*w + z*s + 87 = -s. What is the greatest common divisor of w and 18?
18
Let h(r) = -32*r - 3. Let g be h(3). Let o be g*2/(-2 + 4) - 2. Let w = 201 + o. Calculate the highest common factor of 40 and w.
20
Suppose -4*v + 249*l - 250*l + 16747 = 0, -12544 = -3*v - 4*l. What is the greatest common factor of 24 and v?
12
Let j(u) = -15*u + 2. Let f be j(2). Let p = f + 103. Suppose 5*b + 3*i = 147, 4*b = 3*b - 4*i + 26. Calculate the greatest common divisor of b and p.
15
Let b = 27555 + -27411. Calculate the greatest common factor of b and 18.
18
Suppose -2385 = -20*v + 3375. What is the greatest common divisor of v and 1512?
72
Let p(w) = w**2 - 71*w - 104. Let i be p(84). What is the highest common factor of i and 304?
76
Suppose 30 + 166 = 2*u + 4*i, 0 = -3*u - 2*i + 306. What is the highest common divisor of u and 7592?
104
Let b(d) = 131*d + 3. Let i be b(3). Let g(z) = 224 - z**2 + 138 - 26*z - 446. Let y be g(-20). Calculate the greatest common divisor of y and i.
36
Let a = 7957 - 7915. Calculate the highest common divisor of a and 3570.
42
Suppose 43*s + 268 = 1515. What is the highest common factor of s and 3712?
29
Let w = 8 - 374. Let q = w - -573. What is the greatest common factor of q and 46?
23
Suppose 3*q = 30*b - 26*b + 16673, 0 = -q + 5*b + 5554. Calculate the greatest common factor of q and 51.
51
Let r(q) = -2*q**3 + 10*q**2 + 12*q - 32. Let t be r(5). Suppose 4*f = 8*f - y - t, 3*y = 3*f - 12. Calculate the highest common divisor of f and 8.
8
Let t be (-3075)/(-10)*(-24)/(-30). Calculate the greatest common factor of 2829 and t.
123
Suppose -7 = 6*i - 31. Suppose 3*u - i*n = 454, 0*u - u - 3*n = -173. What is the greatest common factor of 237 and u?
79
Suppose -211*f + 30912 = 168*f + 173*f. Calculate the greatest common factor of f and 4242.
14
Let v = 7144 - 7119. What is the highest common divisor of v and 1590?
5
Let w = -3143 + 3198. Suppose 0 = 5*d - 4*d + 40. Let g = d + w. Calculate the greatest common divisor of 15 and g.
15
Let b = -694 - -1186. Calculate the highest common divisor of 132 and b.
12
Suppose -991*n = -1001*n + 15910. What is the greatest common divisor of n and 43?
43
Let u(o) = 634*o - 13. Let v be u(1). Let p = v - -46. Calculate the highest common divisor of p and 29.
29
Suppose 0 = -11*t + 12*t - 1. Let z be -1*(-48)/(t/10 - 0). What is the greatest common factor of z and 30?
30
Let o = -15259 - -20392. What is the highest common factor of 145 and o?
29
Suppose -282*u + 2*t - 186 = -286*u, 4*u - 196 = -4*t. What is the greatest common divisor of u and 1738?
22
Let w(n) = -n**3 + n**2 + 34. Let v be w(0). Suppose 2*m = 3*a - 433, -2*a + 0*a = -3*m - 282. Let d = a - 96. Calculate the highest common divisor of d and v.
17
Let h = 3393 + -3382. What is the highest common divisor of 407 and h?
11
Let x be (368 - 1 - 4 - 0) + -3. Suppose -3*g = 2*r - 68 - 112, 4*r - x = -2*g. Calculate the highest common divisor of r and 10.
10
Let r be (20/(-8))/((-2)/12). Let s be 170/((-17)/(-204)*8). Calculate the highest common divisor of s and r.
15
Let v(t) = -2*t + 42. Let p be v(19). Suppose 0 = -p*s + 3 + 37. What is the greatest common divisor of 10 and s?
10
Let d = -7791 + 8004. Calculate the greatest common divisor of 2911 and d.
71
Let l = 17 + -14. Let h = 0 + l. Suppose 0 = -h*p + 24 + 27. What is the highest common divisor of 187 and p?
17
Let l be (-23952)/(-14) + (-768)/(-672). Suppose -748 - l = -10*f. What is the highest common factor of f and 574?
82
Suppose 2*g - p - 10 = 0, 141*g + p - 30 = 138*g. Suppose -i = 3*s - 728, -5*i + 833 = 3*s + 121. Calculate the greatest common factor of g and s.
4
Let d(y) = 2*y**3 + 12*y**2 + 43*y - 4. Let a be d(-4). Let o be (-5 + (-50)/4)*a/20. What is the highest common divisor of 2 and o?
2
Suppose -2*s + 5 = -3*u, -1168*u + 11 = 3*s - 1172*u. What is the highest common divisor of 14209 and s?
13
Let r = -60 - -45. Let c be (-54)/(-10) + 0 - (-6)/r. Suppose a + 100 = c*a. Calculate the greatest common factor of a and 15.
5
Let b be ((-20)/(-16))/((-62)/(-5208)). What is the highest common factor of b and 240?
15
Let l = 357 + -355. Suppose 0 = 3*k + l*k, 3*t + 2*k - 57 = 0. What is the greatest common factor of 247 and t?
19
Suppose -31*z + 33*z = -4*c + 224, -6 = -3*c. Suppose 189 - 33 = 13*s. What is the highest common factor of s and z?
12
Suppose d - 4*l - 30 = 0, 5*d - 83 = -l + 67. What is the greatest common divisor of 915 and d?
15
Let o = 8013 + -5670. What is the highest common divisor of o and 33?
33
Let r = 335 + -423. Let a = 8 - r. Calculate the greatest common factor of a and 144.
48
Let f(d) = -13*d + 1011. Let m be f(-48). What is the highest common divisor of m and 30?
15
Let i be (10/4)/((-2)/(-20)). Suppose 61500 = 537*y - 45*y. What is the highest common factor of y and i?
25
Let s = 152 + -135. Let y(p) = -7*p + 155. Let i be y(s). Calculate the highest common factor of 4 and i.
4
Let n be (-21)/6 + 3 + 11/2. Suppose -a = 2, -a - 5 = -n*o - 6*a. Suppose 4*g - 29 = 2*d + 23, 0 = o*d. What is the highest common factor of g and 13?
13
Suppose -4*o = -3*i + 8751, 2*i + o - 5832 = 4*o. What is the highest common factor of i and 11